- 42. What is the greatest common divisor of o and 160?
20
Suppose -4*v = -6*v + 64. Suppose -4 = -3*x + 20. What is the highest common factor of x and v?
8
Let a(g) = g**3 - 8*g**2 + 6*g + 8. Let t be a(7). Let s be -20*(t + 21/(-4)). Calculate the highest common divisor of s and 17.
17
Let q be 10/(-3)*(-2 - 1). Suppose -4*l = -14 - q. Suppose 3*u - 97 - 65 = 0. Calculate the greatest common factor of l and u.
6
Let n = -6 - -10. Suppose -h = 4*h - n*b - 60, 0 = 2*h - 2*b - 26. Let w be 348/7 + h/28. Calculate the greatest common factor of 20 and w.
10
Let w(a) = -a**2 + 9*a + 4. Suppose 2*c + 10 = 24. Let x be w(c). What is the highest common divisor of x and 45?
9
Suppose 0 = -m - 4*a + 124, 2*m = -3*m - 2*a + 584. Calculate the greatest common factor of m and 290.
58
Let s(g) = -g**3 - 4*g**2 - 2*g - 2. Let h = -1 - 2. Let p be s(h). Let r be (-104)/(-5) - 1/p. Calculate the highest common divisor of 14 and r.
7
Let k(a) = -a**3 - a**2 + 3. Let c be k(0). Let i be -1*5*(-2)/5. Suppose c*l = 6 + 9, i*j - 87 = 5*l. Calculate the highest common factor of 7 and j.
7
Suppose -4*m + 2*o + 33 + 41 = 0, 3*m + 2*o = 66. Calculate the highest common factor of 160 and m.
20
Suppose 4*g = 2*g + 32. Calculate the highest common divisor of g and 16.
16
Let k(l) = 3*l**3 + l + 2. Let w be k(-2). Let n = w + 44. What is the greatest common factor of n and 30?
10
Let q = -9 - -9. Suppose x - 41 + 15 = q. What is the highest common divisor of x and 286?
26
Suppose o + v + 0*v = 35, -32 = -o - 2*v. Let u = -25 + o. Calculate the greatest common divisor of u and 52.
13
Let d(b) = -b + 20. Let k be d(4). What is the highest common factor of k and 24?
8
Suppose 0 = 7*k - 3*k - 8. Suppose -k*y - y = -6. Calculate the highest common divisor of y and 6.
2
Let d(t) = 6*t**2. Let p be (-1)/5 - (-30)/25. Let q be d(p). Let z = q - -32. What is the greatest common divisor of z and 19?
19
Suppose 0 = -w - 11 + 33. Let b be (-3)/(-1)*4/6. Calculate the highest common factor of w and b.
2
Let h = -7 + 7. Suppose -5*t + 10 + 35 = h. What is the highest common factor of 72 and t?
9
Let w(g) = 12*g - 2. Suppose i + 18 = 3*u, 2*i = -7*u + 4*u + 18. Let c be w(u). Let y be (27/(-6) + 2)*-4. What is the greatest common factor of c and y?
10
Suppose -3*v - 51 = 2*s, -2*s - 4*v - 4 = 50. Let b be 6/s - 18/(-14). What is the greatest common factor of 5 and b?
1
Let s = -79 + 89. What is the greatest common divisor of 50 and s?
10
Suppose 3*d - 3 - 63 = 0. Suppose 0 = 3*f - 349 - 44. Suppose 144 = 5*n - f. What is the highest common divisor of d and n?
11
Let s be (5 - 1)*30/(-24). Let m be (s/15)/((-2)/66). What is the highest common factor of 11 and m?
11
Let n be 2/(-18) + (-1355)/(-45). Calculate the highest common divisor of n and 10.
10
Let f be (-3)/((-3 - 0)/3). Calculate the greatest common divisor of f and 3.
3
Let n = -6 - -14. What is the highest common factor of n and 40?
8
Let s(o) = -2*o + 8. Let q be (-22)/4 - 1/2. Let y be s(q). Let w = 70 - 60. Calculate the greatest common divisor of w and y.
10
Let u = -34 + 102. Suppose 0 = -5*r + u + 72. Calculate the greatest common factor of r and 14.
14
Let i(p) = 4*p**2 + 10*p - 18. Let m be i(-9). Suppose 0 = -2*c + 7*c - 120. Calculate the greatest common divisor of m and c.
24
Suppose -9 = -4*d + 15. Suppose 5*k + 4*n = -n + 45, 5*n = 5. Let x be k/d - 4/(-6). Calculate the highest common divisor of x and 2.
2
Let g = -54 - -100. Let o(b) = 2*b**2 + 3*b + 4. Let d be o(5). Calculate the greatest common factor of g and d.
23
Let a = -2 - -4. Suppose 98 = a*o + 5*i, -6 = 4*i + 2. Let v = 8 + 10. Calculate the greatest common factor of v and o.
18
Let h = 1018 + -725. Suppose 0 = l - h + 102. Let w = -121 + l. What is the greatest common factor of w and 28?
14
Suppose 0 = 14*d - 15*d + 11. Calculate the highest common factor of 88 and d.
11
Suppose -4*a = 2*u - 5 + 1, -5*u = -5*a - 85. Let n be 4*(22/(-6))/((-4)/36). Calculate the greatest common factor of u and n.
12
Suppose -z = -k + 15, -3*k = -k + 2*z - 50. Let q(j) = -j - 35. Let r be q(0). Let s be (-348)/(-7) - 10/r. Calculate the greatest common divisor of k and s.
10
Suppose q = 3*a + 63 - 21, -a - 179 = -4*q. Calculate the highest common divisor of 9 and q.
9
Let r(c) = -2*c**2 - c + 2. Let u be r(2). Let j be (-1*4)/(2/u). Suppose h + 2*w = 4, h = -h + 2*w + 20. Calculate the highest common factor of h and j.
8
Suppose 3*a - 3*p = 12, 0*a + 14 = 5*a - 2*p. Suppose 0 = 4*q - 4*u - 148, 0*q + a*q = 5*u + 68. Calculate the greatest common factor of 13 and q.
13
Let t = 54 + -47. Calculate the greatest common factor of t and 63.
7
Let m = -20 - -41. Let x = m - 11. Calculate the greatest common factor of 5 and x.
5
Let s(i) = -6 - 1 - 1 + 6*i. Let u be s(6). Let c = -12 - -16. Calculate the highest common factor of u and c.
4
Suppose 5*k - 195 = 2*k. What is the greatest common factor of 13 and k?
13
Let u be -12*(3 - (-22)/(-4)). What is the greatest common factor of 45 and u?
15
Let s be (-105)/10*4/(-6). What is the highest common divisor of 7 and s?
7
Let q = 53 + -35. Let k be -8*((-2)/(-8) - 1). What is the highest common factor of k and q?
6
Let m(u) = 4*u**2 - 9 - 7*u + 3*u**3 - u**3 + u**2 - u**3. Let s be m(-6). Let w be ((-15)/(-12))/(s/(-108)). Calculate the highest common divisor of w and 15.
15
Let w be (-11 - -4)/(0 + -1). Let h be 0 - 9/((-27)/6). Suppose h*i + 200 = w*i. What is the greatest common divisor of 10 and i?
10
Let m be (8/20)/((-1)/(-5)). Let d(c) = c**3 - 2*c**2 - 12*c + 1. Let o be d(5). What is the highest common factor of o and m?
2
Suppose 18*w - 44 = 7*w. Suppose -3*i = 5*u - 37, 2*i + 4*u - 37 + 9 = 0. What is the highest common factor of i and w?
4
Let y(m) = -2*m - 3. Let z(x) = -3*x - 5. Let a(j) = -7*y(j) + 5*z(j). Let s be a(-14). What is the greatest common factor of s and 10?
10
Let l = -25 + 53. Let d be (-508)/(8/2)*-1. Let r = d + -57. Calculate the highest common factor of l and r.
14
Let f be 0 - -3 - -45 - -2. Let z be (-49 + -1)*(-5 + 3). Suppose 0 = -6*d + 2*d + z. Calculate the greatest common factor of d and f.
25
Suppose o + 2*b = 108, 3*o - 5*b - 324 = -2*b. Let y(w) = -2*w - 2. Let p = -16 - -9. Let c be y(p). Calculate the greatest common factor of o and c.
12
Let l be 10/(-45) + 526/18. Let h be (3 + 55)*(-4)/(-8). Calculate the greatest common factor of l and h.
29
Let x(n) = 5*n**2 - 2*n + 3. Let q be (0 - 6/9)*-6. Let y be x(q). What is the highest common divisor of y and 15?
15
Let u = -3 - -5. Let n be u/7 - (-40)/7. Calculate the highest common divisor of 3 and n.
3
Suppose 0 = 2*x - 6, 5*u - x - 21 = -4. Let j(c) = c**3 + 2*c**2 - 5*c + 1. Let w be j(u). Let h = 14 + -3. Calculate the greatest common factor of h and w.
11
Let h(w) = -w**3 - 11*w**2 + 9*w - 12. Let s be h(-12). Calculate the greatest common divisor of 12 and s.
12
Let c be 4/3*(-54)/(-4). Let d = 30 - c. Let m be 19 + 0 + -1 - 0. Calculate the greatest common divisor of m and d.
6
Let b = 72 - 52. Calculate the highest common divisor of b and 30.
10
Suppose 2*r = -5*n, 2*n + 5 + 9 = 2*r. Suppose 2*k - 15 = -k. Calculate the greatest common factor of r and k.
5
Let p(y) = y + 8. Let u be p(-4). Suppose u*a - 2*a = 234. Calculate the greatest common factor of a and 13.
13
Suppose -b = -0*b - 17. Suppose m + 5*i - 25 = 12, 0 = -4*m + 5*i + 48. What is the highest common factor of m and b?
17
Suppose -5*q = -2*x - 14, -4*q + 2*x + 10 = -0*q. Suppose -c - 2*p = -3 - 13, -2*c = p - 38. What is the greatest common divisor of q and c?
4
Let x(g) = 1 - 6*g**2 - 18*g**2 - g**2. Let f be x(2). Let t = -15 - f. What is the highest common divisor of t and 12?
12
Let v(p) = p**2 - 7*p + 4. Let s be v(7). Let c be (-235)/(-3) + (-3)/9. Let f = -46 + c. Calculate the greatest common divisor of f and s.
4
Let w be 14/3 - 4/6. Calculate the highest common factor of w and 1.
1
Let x = 3 + 0. Let j be 4/14 - 484/28. Let g = -8 - j. What is the greatest common factor of x and g?
3
Suppose 2*o - 45 = -2*o + b, -b - 15 = -o. Suppose 0 = 2*c + c. Suppose c*h - 2*h + 40 = 0. Calculate the highest common factor of h and o.
10
Let i be 36/(-8)*(-6)/9*3. Calculate the greatest common divisor of i and 9.
9
Let n = -78 - -81. What is the highest common diviso